{"id":1413,"date":"2021-02-09T09:50:29","date_gmt":"2021-02-09T09:50:29","guid":{"rendered":"https:\/\/silfotball.no\/sportsplan\/?page_id=1413"},"modified":"2021-03-16T10:07:19","modified_gmt":"2021-03-16T10:07:19","slug":"oppbygning-av-okta-12-ar-og-oppover-ovelsesutvalg","status":"publish","type":"page","link":"https:\/\/silfotball.no\/sportsplan\/oppbygning-av-okta-12-ar-og-oppover-ovelsesutvalg\/","title":{"rendered":"Oppbygning av \u00f8kta 12 \u00e5r og oppover &#8211; \u00f8velsesutvalg"},"content":{"rendered":"\t\t<div data-elementor-type=\"wp-page\" data-elementor-id=\"1413\" class=\"elementor elementor-1413\" data-elementor-settings=\"{&quot;profecient_custom_cursor_toggle&quot;:false}\">\n\t\t\t\t\t\t<section class=\"elementor-section elementor-top-section elementor-element elementor-element-e394c23 elementor-section-boxed elementor-section-height-default elementor-section-height-default\" data-id=\"e394c23\" data-element_type=\"section\" data-e-type=\"section\" data-settings=\"{&quot;profecient_background_motion_effects_toggle&quot;:0,&quot;profecient_custom_cursor_toggle&quot;:false,&quot;profecient_parallax_effects_toggle&quot;:0,&quot;profecient_mouse_effects_toggle&quot;:0}\">\n\t\t\t\t\t\t<div class=\"elementor-container elementor-column-gap-default\">\n\t\t\t\t\t<div class=\"elementor-column elementor-col-100 elementor-top-column elementor-element elementor-element-c6ce0b5\" data-id=\"c6ce0b5\" data-element_type=\"column\" data-e-type=\"column\" data-settings=\"{&quot;profecient_background_motion_effects_toggle&quot;:0,&quot;profecient_custom_cursor_toggle&quot;:false,&quot;profecient_parallax_effects_toggle&quot;:0,&quot;profecient_mouse_effects_toggle&quot;:0}\">\n\t\t\t<div class=\"elementor-widget-wrap elementor-element-populated\">\n\t\t\t\t\t\t<div class=\"elementor-element elementor-element-30b2e82 elementor-widget elementor-widget-text-editor\" data-id=\"30b2e82\" data-element_type=\"widget\" data-e-type=\"widget\" data-settings=\"{&quot;profecient_custom_cursor_toggle&quot;:false,&quot;profecient_parallax_effects_toggle&quot;:0,&quot;profecient_mouse_effects_toggle&quot;:0}\" data-widget_type=\"text-editor.default\">\n\t\t\t\t<div class=\"elementor-widget-container\">\n\t\t\t\t\t\t\t\t\t<h1>OPPBYGNING<b> AV \u00d8KTA\u00a0<\/b><\/h1><div><p>\u00d8ktene fra 12 \u00e5r og oppover er knyttet mot NFFs skoleringsplan for &laquo;Landslagsskolen&raquo; og i tillegg til v\u00e5r Spillestil og v\u00e5rt eget &laquo;Spillet v\u00e5rt&raquo;.<\/p><p>Tema og l\u00e6ringsmomenter er gjennomg\u00e5ende for hele \u00f8kta. \u00d8kta deles inn i f\u00f8lgende tre deler:<\/p><\/div><ol><li><strong>Prepp\/Spilleklar (10-15 min)<\/strong>. I gang med fart i beina og kontroll p\u00e5 kropp og ball.<\/li><li><strong>Situasjons\u00f8ving (30-45 min).\u00a0<\/strong>\u00d8velser hvor det blir mange kamplike situasjoner og repetisjoner inn mot temaet for trening.<\/li><li><strong style=\"font-family: var( --e-global-typography-text-font-family ), Sans-serif;\">Spill (30-45 min).\u00a0<\/strong>Spill med ett eller to m\u00e5l hvor man gjennom organisering (banest\u00f8rrelse og lagorganisering) f\u00e5r frem mange relevante situasjoner.\u00a0<\/li><\/ol><div>\u00d8ktene skal fokusere p\u00e5 individuelle, relasjonelle og strukturelle ferdigheter.<\/div><div>\u00a0<\/div><div>Som strukturen i \u00f8velsesutvalget viser er tema, i b\u00e5de situasjons\u00f8vinger og spill, enten &laquo;laget i angrep&raquo; eller i &laquo;laget i forsvar&raquo;. Det er ulike faser i b\u00e5de angrep og forsvar (for eksempel bearbeiding bakfra = A1 vs angrepsspillet p\u00e5 siste tredjedel = A3). Det vil ogs\u00e5 alltid v\u00e6re &laquo;spill-motspill&raquo;, slik at dersom det ene laget trener p\u00e5 angrepsspill vil det andre trene p\u00e5 forsvarsspill (i ulike faser, for eksempel A1 mot F1, som igjen for eksempel kan bety bearbeiding bakfra vs h\u00f8yt press).<\/div><div>\u00a0<\/div><div>Landslagsskolens oppbygging av \u00f8kta og \u00f8velsesbank skal settes i sammenheng med klubbens spillestil og &laquo;<a href=\"https:\/\/silfotball.no\/sportsplan\/wp-content\/uploads\/2021\/02\/A_lag_Spillet-vart.pdf\">Spillet V\u00e5rt<\/a>&laquo;. &laquo;Spillet v\u00e5rt&raquo;\u00a0 viser de seks delene av spillet (etablert angrep, etablert forsvar, overgang F-A, overgang A-F, d\u00f8dballer i angrep og d\u00f8dballer i forsvar). Dette dokumentet har ogs\u00e5 sammenheng med oppbygningen av \u00f8ktene i Landslagsskolens \u00f8velsesbank.\u00a0\u00a0<\/div><div>\u00a0<\/div><div><strong>Trenerm\u00f8ter Sport (trening og kamp)<\/strong><\/div><div>Sportssjef innkaller til trenerm\u00f8ter flere ganger i \u00e5ret for trenere G\/J 12 \u00e5r og oppover der klubben g\u00e5r igjennom klubbens spillestil, &laquo;Spillet V\u00e5rt&raquo; og setter dette i sammenheng med oppbygningen av \u00f8velsesbanken i Landslagskolen. SIL Fotball \u00f8nsker ogs\u00e5 at &laquo;tema&raquo; periodiseres i bolker p\u00e5 noen uker til en m\u00e5ned.\u00a0<\/div><div>\u00a0<\/div><h2><a href=\"https:\/\/www.fotball.no\/barn-og-ungdom\/landslagsskolen\/landslagsskolens-ovelsesbank\/\">Landslagsskolens \u00f8velsesbank\u00a0<\/a>(trykk for \u00e5 komme inn)<\/h2><div>Den nye skoleringsplanen til Landslagsskolen ligger ogs\u00e5 tilgjengelig i <a href=\"https:\/\/no-fotball.s2s.net\/home.php\">trenings\u00f8kta.no<\/a>.<\/div>\t\t\t\t\t\t\t\t<\/div>\n\t\t\t\t<\/div>\n\t\t\t\t<div class=\"elementor-element elementor-element-4605c55 elementor-widget elementor-widget-spacer\" data-id=\"4605c55\" data-element_type=\"widget\" data-e-type=\"widget\" data-settings=\"{&quot;profecient_custom_cursor_toggle&quot;:false,&quot;profecient_parallax_effects_toggle&quot;:0,&quot;profecient_mouse_effects_toggle&quot;:0}\" data-widget_type=\"spacer.default\">\n\t\t\t\t<div class=\"elementor-widget-container\">\n\t\t\t\t\t\t\t<div class=\"elementor-spacer\">\n\t\t\t<div class=\"elementor-spacer-inner\"><\/div>\n\t\t<\/div>\n\t\t\t\t\t\t<\/div>\n\t\t\t\t<\/div>\n\t\t\t\t\t<\/div>\n\t\t<\/div>\n\t\t\t\t\t<\/div>\n\t\t<\/section>\n\t\t\t\t<section class=\"elementor-section elementor-top-section elementor-element elementor-element-b1d863f elementor-section-boxed elementor-section-height-default elementor-section-height-default\" data-id=\"b1d863f\" data-element_type=\"section\" data-e-type=\"section\" data-settings=\"{&quot;profecient_background_motion_effects_toggle&quot;:0,&quot;profecient_custom_cursor_toggle&quot;:false,&quot;profecient_parallax_effects_toggle&quot;:0,&quot;profecient_mouse_effects_toggle&quot;:0}\">\n\t\t\t\t\t\t<div class=\"elementor-container elementor-column-gap-default\">\n\t\t\t\t\t<div class=\"elementor-column elementor-col-50 elementor-top-column elementor-element elementor-element-b133a81\" data-id=\"b133a81\" data-element_type=\"column\" data-e-type=\"column\" data-settings=\"{&quot;profecient_background_motion_effects_toggle&quot;:0,&quot;profecient_custom_cursor_toggle&quot;:false,&quot;profecient_parallax_effects_toggle&quot;:0,&quot;profecient_mouse_effects_toggle&quot;:0}\">\n\t\t\t<div class=\"elementor-widget-wrap elementor-element-populated\">\n\t\t\t\t\t\t<div class=\"elementor-element elementor-element-e28505c elementor-widget elementor-widget-button\" data-id=\"e28505c\" data-element_type=\"widget\" data-e-type=\"widget\" data-settings=\"{&quot;profecient_custom_cursor_toggle&quot;:false,&quot;profecient_parallax_effects_toggle&quot;:0,&quot;profecient_mouse_effects_toggle&quot;:0}\" data-widget_type=\"button.default\">\n\t\t\t\t<div class=\"elementor-widget-container\">\n\t\t\t\t\t\t\t\t\t<div class=\"elementor-button-wrapper\">\n\t\t\t\t\t<a class=\"elementor-button elementor-button-link elementor-size-sm\" href=\"https:\/\/silfotball.no\/sportsplan\/oppbygning-av-okta-6-11-ar-ovelsesutvalg\">\n\t\t\t\t\t\t<span class=\"elementor-button-content-wrapper\">\n\t\t\t\t\t\t<span class=\"elementor-button-icon\">\n\t\t\t\t<i aria-hidden=\"true\" class=\"fas fa-arrow-left\"><\/i>\t\t\t<\/span>\n\t\t\t\t\t\t\t\t\t<span class=\"elementor-button-text\">OPPBYGNING AV \u00d8KTA 6-11 \u00c5R \u2013 \u00d8VELSESUTVALG<\/span>\n\t\t\t\t\t<\/span>\n\t\t\t\t\t<\/a>\n\t\t\t\t<\/div>\n\t\t\t\t\t\t\t\t<\/div>\n\t\t\t\t<\/div>\n\t\t\t\t\t<\/div>\n\t\t<\/div>\n\t\t\t\t<div class=\"elementor-column elementor-col-50 elementor-top-column elementor-element elementor-element-b79d47c\" data-id=\"b79d47c\" data-element_type=\"column\" data-e-type=\"column\" data-settings=\"{&quot;profecient_background_motion_effects_toggle&quot;:0,&quot;profecient_custom_cursor_toggle&quot;:false,&quot;profecient_parallax_effects_toggle&quot;:0,&quot;profecient_mouse_effects_toggle&quot;:0}\">\n\t\t\t<div class=\"elementor-widget-wrap elementor-element-populated\">\n\t\t\t\t\t\t<div class=\"elementor-element elementor-element-132ce68 elementor-align-right elementor-widget elementor-widget-button\" data-id=\"132ce68\" data-element_type=\"widget\" data-e-type=\"widget\" data-settings=\"{&quot;profecient_custom_cursor_toggle&quot;:false,&quot;profecient_parallax_effects_toggle&quot;:0,&quot;profecient_mouse_effects_toggle&quot;:0}\" data-widget_type=\"button.default\">\n\t\t\t\t<div class=\"elementor-widget-container\">\n\t\t\t\t\t\t\t\t\t<div class=\"elementor-button-wrapper\">\n\t\t\t\t\t<a class=\"elementor-button elementor-button-link elementor-size-sm\" href=\"https:\/\/silfotball.no\/sportsplan\/nasjonale-retningslinjer\">\n\t\t\t\t\t\t<span class=\"elementor-button-content-wrapper\">\n\t\t\t\t\t\t<span class=\"elementor-button-icon\">\n\t\t\t\t<i aria-hidden=\"true\" class=\"fas fa-arrow-right\"><\/i>\t\t\t<\/span>\n\t\t\t\t\t\t\t\t\t<span class=\"elementor-button-text\">NASJONALE RETNINGSLINJER<\/span>\n\t\t\t\t\t<\/span>\n\t\t\t\t\t<\/a>\n\t\t\t\t<\/div>\n\t\t\t\t\t\t\t\t<\/div>\n\t\t\t\t<\/div>\n\t\t\t\t\t<\/div>\n\t\t<\/div>\n\t\t\t\t\t<\/div>\n\t\t<\/section>\n\t\t\t\t<\/div>\n\t\t","protected":false},"excerpt":{"rendered":"<p>OPPBYGNING AV \u00d8KTA\u00a0 \u00d8ktene fra 12 \u00e5r og oppover er knyttet mot NFFs skoleringsplan for &laquo;Landslagsskolen&raquo; og i tillegg til v\u00e5r Spillestil og v\u00e5rt eget &laquo;Spillet v\u00e5rt&raquo;. Tema og l\u00e6ringsmomenter er gjennomg\u00e5ende for hele \u00f8kta. \u00d8kta deles inn i f\u00f8lgende tre deler: Prepp\/Spilleklar (10-15 min). I gang med fart i beina og kontroll p\u00e5 kropp [&hellip;]<\/p>\n","protected":false},"author":1,"featured_media":0,"parent":0,"menu_order":0,"comment_status":"closed","ping_status":"closed","template":"","meta":{"footnotes":""},"class_list":["post-1413","page","type-page","status-publish","hentry"],"_links":{"self":[{"href":"https:\/\/silfotball.no\/sportsplan\/wp-json\/wp\/v2\/pages\/1413","targetHints":{"allow":["GET"]}}],"collection":[{"href":"https:\/\/silfotball.no\/sportsplan\/wp-json\/wp\/v2\/pages"}],"about":[{"href":"https:\/\/silfotball.no\/sportsplan\/wp-json\/wp\/v2\/types\/page"}],"author":[{"embeddable":true,"href":"https:\/\/silfotball.no\/sportsplan\/wp-json\/wp\/v2\/users\/1"}],"replies":[{"embeddable":true,"href":"https:\/\/silfotball.no\/sportsplan\/wp-json\/wp\/v2\/comments?post=1413"}],"version-history":[{"count":55,"href":"https:\/\/silfotball.no\/sportsplan\/wp-json\/wp\/v2\/pages\/1413\/revisions"}],"predecessor-version":[{"id":3324,"href":"https:\/\/silfotball.no\/sportsplan\/wp-json\/wp\/v2\/pages\/1413\/revisions\/3324"}],"wp:attachment":[{"href":"https:\/\/silfotball.no\/sportsplan\/wp-json\/wp\/v2\/media?parent=1413"}],"curies":[{"name":"wp","href":"https:\/\/api.w.org\/{rel}","templated":true}]}}